e o(7). Suppose -c*b - 268 = -884. What is the remainder when b is divided by 16?
13
Suppose 353*d - 4124 = 333*d - 1524. What is the remainder when d is divided by -1 + 0/1 - -13?
10
Let v = -34794 + 34896. Calculate the remainder when 710 is divided by v.
98
Let m(v) = 38*v**2 - 4*v + 10. Let w be m(2). Let y = w + -56. What is the remainder when y is divided by 20?
18
Suppose 2*a = a + 35. Suppose 5*g - a = -4*d, -7*d = 3*g - 2*d - 34. Suppose -11 = 3*o + 2*s - 63, s = g*o - 64. What is the remainder when 157 is divided by o?
17
Suppose 2 = 5*l - 8, -4*h + 8 = -2*l. Suppose -4*k + 95 = h*c, 12 = -k + c + 34. Calculate the remainder when k is divided by 13.
10
Let n = -3593 - -3614. Calculate the remainder when n is divided by 6.
3
Suppose -n + 42 = -364*p + 367*p, p - 2*n = 35. Calculate the remainder when 552 is divided by p.
8
Suppose 14493 = 3*v + 3*z, 7898 = 4*v + z - 11414. Calculate the remainder when v is divided by 32.
27
Suppose -3*d = 2*v - 60, 4*v - 60 = 2*v - 5*d. Let q(b) = -7*b + 99. Suppose 15*t = 2*t + 78. Calculate the remainder when q(t) is divided by v.
27
Suppose 2 + 50 = 4*z. Suppose 2*w = 6*w + 2*s - 572, -294 = -2*w - 3*s. What is the remainder when w is divided by z?
11
Suppose -455*x = -95*x - 83520. Suppose -6*r + 5 = -4*r + 3*p, 2*r - 35 = 3*p. What is the remainder when x is divided by r?
2
Suppose 96719 = 143*t + 30*t - 7254. Calculate the remainder when t is divided by 71.
33
Suppose 5*i = -2*o - 4, -2*i + 5*o = i - 10. Suppose u + 4*u = 0. What is the remainder when 3 - (i + u) - -38 is divided by 6?
5
Let d = 16201 - 15753. What is the remainder when 471 is divided by d?
23
Suppose 21 = i + 25, -3*u + 5012 = -5*i. Calculate the remainder when u is divided by 416.
0
Let d(j) = -125*j + 3130. Calculate the remainder when 6108 is divided by d(24).
128
Let s(o) be the third derivative of o**6/60 - o**5/15 - 7*o**4/12 + 5*o**3/3 + 80*o**2. What is the remainder when s(7) is divided by 27?
24
Let h = -1504 + 1418. Let w(t) = 4*t**3 + 2*t**2 + t - 1. Let d be w(-3). Let c = h - d. What is the remainder when 38 is divided by c?
6
Suppose -24*c + 44*c - 1140 = 1560. Calculate the remainder when c is divided by 119.
16
Let i(a) = 2*a**3 - 110*a**2 - 105*a - 364. Calculate the remainder when 81 is divided by i(56).
25
Let c = 2150 + -2029. What is the remainder when 601 is divided by c?
117
Let a(m) = -m**3 - m**2 - m + 36. Suppose 23*b = 314 + 629. Calculate the remainder when b is divided by a(0).
5
Suppose 2*r = -2*y + 184, -3*r - 226 - 156 = -4*y. Calculate the remainder when y is divided by -3*(251/(-15) - 4/(-10)).
45
Let y be 0 + (4119/2 - 2/4). Suppose -y = -38*a + 9*a. What is the remainder when 638 is divided by a?
70
Let k = 4936 + -3780. Calculate the remainder when k is divided by 21.
1
Suppose -67*k + 5*p + 2321 = -63*k, -3*p = -4*k + 2319. What is the remainder when k is divided by 4?
3
Let g = 462 - 460. Suppose -g*k - u - u = -26, -k + 13 = 3*u. Calculate the remainder when k is divided by 5.
3
Let k(y) = 260*y**2 + 146*y + 295. What is the remainder when 1049 is divided by k(-2)?
6
Calculate the remainder when 1017 is divided by (-5)/((8 + 497/(-63))*(-3)/2).
27
Let p(n) = -n**3 - 11*n**2 + 16*n + 20. Let y be p(-12). Let h be 6*(-3)/6 + -22. Let i = h - y. What is the remainder when 9 is divided by i?
0
Let h(k) = k**3 - 36*k**2 + 68*k + 2. Let z be h(34). Suppose -48 = -2*m + 2*p, -5*m - z*p = -3*p - 128. Calculate the remainder when 413 is divided by m.
23
Let q(j) = -j**3 + 18*j**2 - 68*j + 29. What is the remainder when 595 is divided by q(5)?
7
Let k = 36405 - 36312. Calculate the remainder when 937 is divided by k.
7
Let d = -53 + 48. Let w(t) = -8*t - 13. Suppose 5*f = -2*v + f - 2, -4*f = 4*v - 12. Calculate the remainder when w(d) is divided by v.
6
Let r(c) = c**2 - 42*c - 216. Calculate the remainder when 8450 is divided by r(-5).
14
Let a be 8 - -35 - (-1)/((-1)/4). Suppose -a = 8*f - 1207. What is the remainder when f is divided by 30?
26
Let s(w) = 19*w**3 + 2*w**2 - 52*w + 51. What is the remainder when s(1) is divided by ((-1)/2)/(2/(-48))?
8
Suppose 2*p - 704 = -672. What is the remainder when (116/3)/(12/18) is divided by p?
10
Suppose -3*t - 4*f - 10 = 0, 0*t - 2*f + 40 = -3*t. Let i(u) = 2*u + 58. Calculate the remainder when 147 is divided by i(t).
33
Suppose -5*t = 2*j - 1262, 3*t - 111*j = -107*j + 778. What is the remainder when 553 is divided by t?
45
Suppose -3*m + m - 3*n = -65, m - 13 = 5*n. What is the remainder when 808 is divided by m?
24
Let m = 2665 + -2560. Calculate the remainder when m is divided by 49.
7
Let g(t) = -t**2 + 13*t - 2. Let k(a) = a**3 - 4*a**2 + a + 2. Let y be k(4). Calculate the remainder when g(y) is divided by (-35)/(-10) - (-370)/20.
18
Suppose 7808 = 2*d + 903 - 2449. What is the remainder when d is divided by 234?
231
Let g(j) = 2*j**3 - 45*j**2 - 129*j + 45. What is the remainder when g(26) is divided by 160?
143
Suppose 0*j = j - 17. Let t = 39 - j. Let u = 26 + -20. Calculate the remainder when t is divided by u.
4
Let m = -1027 + 1131. Calculate the remainder when m is divided by 32.
8
Suppose -4*r + 181 = 4*t - 3*r, 17*r - 107 = -2*t. What is the remainder when t is divided by 1/(-4) - (-145)/20?
3
Suppose -9*p = 52*p - 5185. Calculate the remainder when 143 is divided by p.
58
Suppose -223 + 3178 = 5*l. What is the remainder when l is divided by 37?
36
Let m(d) = 226*d**2 - 301*d + 300. What is the remainder when 1141 is divided by m(1)?
16
Suppose -42969 - 29622 = -621*z - 555. Calculate the remainder when 890 is divided by z.
78
Let o = -985 - -1144. What is the remainder when 256 is divided by o?
97
Suppose 0 = -52*g + 15*g + 1332. Calculate the remainder when 164 is divided by g.
20
Suppose -406 = -3*r - 0*r + 2*u, 4*r + u - 556 = 0. What is the remainder when 138 is divided by r?
0
Let c(q) = q**2 - 134*q - 2852. Suppose 0 = 2*x - 3*x + 18. Calculate the remainder when c(-19) is divided by (-6)/27 + 130/x.
6
Suppose 18*w + 683 = 23*w - 462. What is the remainder when 407 is divided by w?
178
Let y = -7152 - -7264. Calculate the remainder when 661 is divided by y.
101
Let k = 2020 + -1285. Calculate the remainder when 4/(-6)*(-822)/4 is divided by (1/(-7)*1)/((-15)/k).
4
Let y = -33 - -37. Let w = y + 3. Suppose 29*h - 27*h - 6 = 0, n - 2*h - 26 = 0. What is the remainder when n is divided by w?
4
Let l(k) = -k**2 - 19*k + 2. Let n = 85 + -102. What is the remainder when l(n) is divided by 15?
6
Let z(u) = u + 12. Let o = 15 + -23. Let j be z(o). Calculate the remainder when (-4)/(140/(-4855)) + j/14 is divided by 35.
34
Suppose 3*x = 6, 72 = 5*f - 3*x - 52. Suppose i - n - f = 0, i + 3*n = 9 + 1. Calculate the remainder when i is divided by 10.
2
Suppose -818 = -9*v + 289. Suppose -a + v = -2*l - 56, -l - 4 = 0. What is the remainder when a is divided by 25?
21
Let n(t) = -7*t**3 - 7*t**2 + 37*t + 316. Calculate the remainder when n(-10) is divided by 2081.
3
Let l(i) = i**3 - 30*i**2 + 20*i - 140. Calculate the remainder when 927 is divided by l(30).
7
Suppose -5*t - 32 = -6*t. Let x = -563 - -623. What is the remainder when x is divided by t?
28
Suppose -u + 6*u = j + 71, -5*u = -3*j - 63. Suppose 0 = -13*d + 16*d - u, 4*y + d = 73. What is the remainder when 40 is divided by y?
6
Let j = 15090 + -15068. What is the remainder when 183 is divided by j?
7
Suppose -127 = -5*o - 2. What is the remainder when (4275/(-300))/(1/(-4)) is divided by o?
7
Let i(n) = -42*n**2 - 7*n + 12. Let s = -55 - -88. Calculate the remainder when s is divided by i(0).
9
Suppose -2*n - n + 116 = 5*c, 4*n + 4*c = 144. Let v be 134*(-4)/(n/(-20)). Suppose 16*u - v = 11*u. What is the remainder when u is divided by 35?
32
Let m be (0 + -1)/((-2)/56*2). What is the remainder when 89 is divided by -60*(7/m + -1)?
29
Let j = 73 + 2053. What is the remainder when j is divided by 76?
74
Let t = -52845 - -52955. Calculate the remainder when t is divided by (-58)/(-4) + 2/(-4).
12
Let s = -63 + 76. Suppose -4*l = -s + 1. Calculate the remainder when (184/48)/(l/18) is divided by 13.
10
Suppose -3*g + 2*a - 51 = -3*a, 3*g + 2*a = -72. Let k(z) = z**2 + 8*z - 62. Calculate the remainder when k(g) is divided by 31.
29
Let a(w) = w**3 + 10*w**2 - 141*w - 92. What 